{"id":463,"date":"2025-03-14T15:54:22","date_gmt":"2025-03-14T20:54:22","guid":{"rendered":"https:\/\/www.schick.pe\/promocion\/?page_id=463"},"modified":"2026-02-27T12:33:34","modified_gmt":"2026-02-27T17:33:34","slug":"mecanica","status":"publish","type":"page","link":"https:\/\/www.schick.pe\/promocion\/mecanica\/","title":{"rendered":"Mec\u00e1nica"},"content":{"rendered":"\t\t<div data-elementor-type=\"wp-page\" data-elementor-id=\"463\" class=\"elementor elementor-463\" data-elementor-post-type=\"page\">\n\t\t\t\t<div class=\"elementor-element elementor-element-396e480 e-flex e-con-boxed e-con e-parent\" data-id=\"396e480\" data-element_type=\"container\" data-e-type=\"container\">\n\t\t\t\t\t<div class=\"e-con-inner\">\n\t\t\t\t<div class=\"elementor-element elementor-element-a2a8b5f e-n-tabs-none elementor-widget elementor-widget-n-tabs\" data-id=\"a2a8b5f\" data-element_type=\"widget\" data-e-type=\"widget\" data-settings=\"{&quot;horizontal_scroll&quot;:&quot;disable&quot;}\" data-widget_type=\"nested-tabs.default\">\n\t\t\t\t<div class=\"elementor-widget-container\">\n\t\t\t\t\t\t\t<div class=\"e-n-tabs\" data-widget-number=\"170560351\" aria-label=\"Pesta\u00f1as. Abre elementos con Intro o Espacio, ci\u00e9rralos con Escape y navega con las fechas.\">\n\t\t\t<div class=\"e-n-tabs-heading\" role=\"tablist\">\n\t\t\t\t\t<button id=\"bodegas\" data-tab-title-id=\"e-n-tab-title-1705603511\" class=\"e-n-tab-title\" aria-selected=\"true\" data-tab-index=\"1\" role=\"tab\" tabindex=\"0\" aria-controls=\"e-n-tab-content-1705603511\" style=\"--n-tabs-title-order: 1;\">\n\t\t\t\t\t\t<span class=\"e-n-tab-title-text\">\n\t\t\t\tBodegas\t\t\t<\/span>\n\t\t<\/button>\n\t\t\t\t<button id=\"supermercados\" data-tab-title-id=\"e-n-tab-title-1705603512\" class=\"e-n-tab-title\" aria-selected=\"false\" data-tab-index=\"2\" role=\"tab\" tabindex=\"-1\" aria-controls=\"e-n-tab-content-1705603512\" style=\"--n-tabs-title-order: 2;\">\n\t\t\t\t\t\t<span class=\"e-n-tab-title-text\">\n\t\t\t\tSupermercados\t\t\t<\/span>\n\t\t<\/button>\n\t\t\t\t\t<\/div>\n\t\t\t<div class=\"e-n-tabs-content\">\n\t\t\t\t<div id=\"e-n-tab-content-1705603511\" role=\"tabpanel\" aria-labelledby=\"bodegas\" data-tab-index=\"1\" style=\"--n-tabs-title-order: 1;\" class=\"e-active elementor-element elementor-element-e99dbe2 e-con-full e-flex e-con e-child\" data-id=\"e99dbe2\" data-element_type=\"container\" data-e-type=\"container\" data-settings=\"{&quot;background_background&quot;:&quot;classic&quot;}\">\n\t\t\t\t<div class=\"elementor-element elementor-element-2d2bbcd elementor-widget__width-initial elementor-widget-tablet__width-inherit elementor-widget elementor-widget-text-editor\" data-id=\"2d2bbcd\" data-element_type=\"widget\" data-e-type=\"widget\" data-widget_type=\"text-editor.default\">\n\t\t\t\t<div class=\"elementor-widget-container\">\n\t\t\t\t\t\t\t\t\t<h4><strong>1<\/strong><em>Compra<\/em><\/h4><p>Los productos participantes<\/p>\t\t\t\t\t\t\t\t<\/div>\n\t\t\t\t<\/div>\n\t\t\t\t<div class=\"elementor-element elementor-element-e24b65a elementor-widget elementor-widget-image\" data-id=\"e24b65a\" data-element_type=\"widget\" data-e-type=\"widget\" data-widget_type=\"image.default\">\n\t\t\t\t<div class=\"elementor-widget-container\">\n\t\t\t\t\t\t\t\t\t\t\t\t\t\t\t<img fetchpriority=\"high\" decoding=\"async\" width=\"800\" height=\"614\" src=\"https:\/\/www.schick.pe\/promocion\/wp-content\/uploads\/2026\/02\/schick-pe-008.webp\" class=\"attachment-large size-large wp-image-3202\" alt=\"\" srcset=\"https:\/\/www.schick.pe\/promocion\/wp-content\/uploads\/2026\/02\/schick-pe-008.webp 1357w, https:\/\/www.schick.pe\/promocion\/wp-content\/uploads\/2026\/02\/schick-pe-008-800x614.webp 800w, https:\/\/www.schick.pe\/promocion\/wp-content\/uploads\/2026\/02\/schick-pe-008-768x589.webp 768w\" sizes=\"(max-width: 800px) 100vw, 800px\" \/>\t\t\t\t\t\t\t\t\t\t\t\t\t\t\t<\/div>\n\t\t\t\t<\/div>\n\t\t\t\t<div class=\"elementor-element elementor-element-bc36725 elementor-widget__width-initial elementor-widget-tablet__width-inherit elementor-widget elementor-widget-text-editor\" data-id=\"bc36725\" data-element_type=\"widget\" data-e-type=\"widget\" data-widget_type=\"text-editor.default\">\n\t\t\t\t<div class=\"elementor-widget-container\">\n\t\t\t\t\t\t\t\t\t<h4><strong>2<\/strong><em>Raspa el sticker<\/em><\/h4><p>y encuentra tu c\u00f3digo<\/p>\t\t\t\t\t\t\t\t<\/div>\n\t\t\t\t<\/div>\n\t\t\t\t<div class=\"elementor-element elementor-element-39a18da elementor-widget elementor-widget-image\" data-id=\"39a18da\" data-element_type=\"widget\" data-e-type=\"widget\" data-widget_type=\"image.default\">\n\t\t\t\t<div class=\"elementor-widget-container\">\n\t\t\t\t\t\t\t\t\t\t\t\t\t\t\t<img decoding=\"async\" width=\"270\" height=\"261\" src=\"https:\/\/www.schick.pe\/promocion\/wp-content\/uploads\/2026\/02\/schick-pe-005.webp\" class=\"attachment-large size-large wp-image-2364\" alt=\"\" \/>\t\t\t\t\t\t\t\t\t\t\t\t\t\t\t<\/div>\n\t\t\t\t<\/div>\n\t\t\t\t<div class=\"elementor-element elementor-element-321f3e0 elementor-widget-tablet__width-inherit elementor-widget elementor-widget-text-editor\" data-id=\"321f3e0\" data-element_type=\"widget\" data-e-type=\"widget\" data-widget_type=\"text-editor.default\">\n\t\t\t\t<div class=\"elementor-widget-container\">\n\t\t\t\t\t\t\t\t\t<h4><strong>3<\/strong><em>Reg\u00edstra tu c\u00f3digo en<\/em><\/h4><p>ganaconschick.com<\/p>\t\t\t\t\t\t\t\t<\/div>\n\t\t\t\t<\/div>\n\t\t\t\t<\/div>\n\t\t<div id=\"e-n-tab-content-1705603512\" role=\"tabpanel\" aria-labelledby=\"supermercados\" data-tab-index=\"2\" style=\"--n-tabs-title-order: 2;\" class=\" elementor-element elementor-element-3a8c673 e-con-full e-flex e-con e-child\" data-id=\"3a8c673\" data-element_type=\"container\" data-e-type=\"container\" data-settings=\"{&quot;background_background&quot;:&quot;classic&quot;}\">\n\t\t\t\t<div class=\"elementor-element elementor-element-b8eaf15 elementor-widget__width-initial elementor-widget-tablet__width-inherit elementor-widget elementor-widget-text-editor\" data-id=\"b8eaf15\" data-element_type=\"widget\" data-e-type=\"widget\" data-widget_type=\"text-editor.default\">\n\t\t\t\t<div class=\"elementor-widget-container\">\n\t\t\t\t\t\t\t\t\t<h4><strong>1<\/strong><em>Compra<\/em><\/h4><p>Cualquier producto Schick<\/p>\t\t\t\t\t\t\t\t<\/div>\n\t\t\t\t<\/div>\n\t\t\t\t<div class=\"elementor-element elementor-element-14cf5dc elementor-widget elementor-widget-image\" data-id=\"14cf5dc\" data-element_type=\"widget\" data-e-type=\"widget\" data-widget_type=\"image.default\">\n\t\t\t\t<div class=\"elementor-widget-container\">\n\t\t\t\t\t\t\t\t\t\t\t\t\t\t\t<img decoding=\"async\" width=\"800\" height=\"657\" src=\"https:\/\/www.schick.pe\/promocion\/wp-content\/uploads\/2026\/02\/schick-pe-003.webp\" class=\"attachment-large size-large wp-image-2258\" alt=\"\" srcset=\"https:\/\/www.schick.pe\/promocion\/wp-content\/uploads\/2026\/02\/schick-pe-003.webp 960w, https:\/\/www.schick.pe\/promocion\/wp-content\/uploads\/2026\/02\/schick-pe-003-800x657.webp 800w, https:\/\/www.schick.pe\/promocion\/wp-content\/uploads\/2026\/02\/schick-pe-003-768x630.webp 768w\" sizes=\"(max-width: 800px) 100vw, 800px\" \/>\t\t\t\t\t\t\t\t\t\t\t\t\t\t\t<\/div>\n\t\t\t\t<\/div>\n\t\t\t\t<div class=\"elementor-element elementor-element-2569a5a elementor-widget-tablet__width-inherit elementor-widget elementor-widget-text-editor\" data-id=\"2569a5a\" data-element_type=\"widget\" data-e-type=\"widget\" data-widget_type=\"text-editor.default\">\n\t\t\t\t<div class=\"elementor-widget-container\">\n\t\t\t\t\t\t\t\t\t<h4><strong>2<\/strong><em>Registra tu boleta en:<\/em><\/h4><p>ganaconschick.com<\/p>\t\t\t\t\t\t\t\t<\/div>\n\t\t\t\t<\/div>\n\t\t\t\t<div class=\"elementor-element elementor-element-8ce9346 elementor-widget-tablet__width-inherit elementor-widget elementor-widget-text-editor\" data-id=\"8ce9346\" data-element_type=\"widget\" data-e-type=\"widget\" data-widget_type=\"text-editor.default\">\n\t\t\t\t<div class=\"elementor-widget-container\">\n\t\t\t\t\t\t\t\t\t<h4><strong>3<\/strong><em>\u00a1Listo!<\/em><\/h4><p>Ya estas\u2028participando<\/p>\t\t\t\t\t\t\t\t<\/div>\n\t\t\t\t<\/div>\n\t\t\t\t<\/div>\n\t\t\t\t\t<\/div>\n\t\t<\/div>\n\t\t\t\t\t\t<\/div>\n\t\t\t\t<\/div>\n\t\t\t\t\t<\/div>\n\t\t\t\t<\/div>\n\t\t\t\t<\/div>\n\t\t","protected":false},"excerpt":{"rendered":"<p>Bodegas Supermercados 1Compra Los productos participantes 2Raspa el sticker y encuentra tu c\u00f3digo 3Reg\u00edstra tu c\u00f3digo en ganaconschick.com 1Compra Cualquier producto Schick 2Registra tu boleta en: ganaconschick.com 3\u00a1Listo! Ya estas\u2028participando 1Compra Los productos participantes 2Raspa el sticker y encuentra tu c\u00f3digo 3Reg\u00edstra tu c\u00f3digo en ganaconschick.com 1Compra Cualquier producto Schick 2Registra tu boleta en: ganaconschick.com [&hellip;]<\/p>\n","protected":false},"author":1,"featured_media":0,"parent":0,"menu_order":0,"comment_status":"closed","ping_status":"closed","template":"","meta":{"footnotes":""},"class_list":["post-463","page","type-page","status-publish","hentry"],"_links":{"self":[{"href":"https:\/\/www.schick.pe\/promocion\/wp-json\/wp\/v2\/pages\/463","targetHints":{"allow":["GET"]}}],"collection":[{"href":"https:\/\/www.schick.pe\/promocion\/wp-json\/wp\/v2\/pages"}],"about":[{"href":"https:\/\/www.schick.pe\/promocion\/wp-json\/wp\/v2\/types\/page"}],"author":[{"embeddable":true,"href":"https:\/\/www.schick.pe\/promocion\/wp-json\/wp\/v2\/users\/1"}],"replies":[{"embeddable":true,"href":"https:\/\/www.schick.pe\/promocion\/wp-json\/wp\/v2\/comments?post=463"}],"version-history":[{"count":642,"href":"https:\/\/www.schick.pe\/promocion\/wp-json\/wp\/v2\/pages\/463\/revisions"}],"predecessor-version":[{"id":3205,"href":"https:\/\/www.schick.pe\/promocion\/wp-json\/wp\/v2\/pages\/463\/revisions\/3205"}],"wp:attachment":[{"href":"https:\/\/www.schick.pe\/promocion\/wp-json\/wp\/v2\/media?parent=463"}],"curies":[{"name":"wp","href":"https:\/\/api.w.org\/{rel}","templated":true}]}}